{"id":2831,"date":"2018-12-17T11:06:37","date_gmt":"2018-12-17T10:06:37","guid":{"rendered":"https:\/\/n1.kopernik.kalisz.pl\/kopernik-ssm\/chor\/?page_id=2831"},"modified":"2023-06-19T14:12:17","modified_gmt":"2023-06-19T12:12:17","slug":"osiagniecia","status":"publish","type":"page","link":"https:\/\/kopernik.kalisz.pl\/kopernik-ssm\/chor\/osiagniecia\/","title":{"rendered":"Osi\u0105gni\u0119cia"},"content":{"rendered":"\n<p>Na przestrzeni wielu lat Ch\u00f3r \u201eKopernik\u201d bra\u0142 udzia\u0142 w niezliczonej ilo\u015bci konkurs\u00f3w, w kt\u00f3rych ju\u017c od samego pocz\u0105tku zdobywa\u0142 wysokie lokaty, a to wszystko dzi\u0119ki ci\u0119\u017ckiej pracy w\u0142o\u017conej w doskonalenie umiej\u0119tno\u015bci wokalnych, a tak\u017ce ogromnej mi\u0142o\u015bci do \u015bpiewania. Do najwa\u017cniejszych nagr\u00f3d wywalczonych przez ch\u00f3rzyst\u00f3w mo\u017cemy zaliczy\u0107 Z\u0141OTE PASMA i Z\u0141OTE KLUCZE (cz\u0119\u015b\u0107 z nich z wyr\u00f3\u017cnieniem) w przegl\u0105dach i konkursach ch\u00f3ralnych Programu Rozwoju Ch\u00f3r\u00f3w Szkolnych Akademia Ch\u00f3ralna &#8211; \u201e\u015apiewaj\u0105ca Polska\u201d. A tak\u017ce Puchar Gazety Pomorskiej, Puchar Ministra Edukacji Narodowej, Puchar Ministra Kultury i Dziedzictwa Narodowego oraz dwa SREBRNE i jeden Z\u0141OTY KAMERTON zdobyte w fina\u0142ach Og\u00f3lnopolskiego Konkursu Ch\u00f3r\u00f3w a Cappella Dzieci i M\u0142odzie\u017cy w Bydgoszczy.<\/p>\n\n\n\n<figure class=\"wp-block-image\"><img src=\"https:\/\/kopernik.kalisz.pl\/kopernik-ssm\/chor\/wp-content\/uploads\/2019\/02\/bydgoska_gorczka_2011_2_20120813_1946698083.jpg\" alt=\"\"\/><\/figure>\n\n\n\n<p>Jednak\u017ce osi\u0105gni\u0119cia ch\u00f3ru, to nie tylko wygrane w konkursach. Bardzo mocno cenimy sobie wsp\u00f3\u0142prac\u0119 z innymi artystami oraz w\u0142adzami miasta, dzi\u0119ki kt\u00f3rym mogli\u015bmy da\u0107 wiele wspania\u0142ych koncert\u00f3w i u\u015bwietni\u0107 wa\u017cne uroczysto\u015bci miejskie. Najwa\u017cniejsze z nich to: Koncert kol\u0119d w ko\u015bciele garnizonowym w Kaliszu (12 grudnia 2002) z Filharmoni\u0105 Kalisk\u0105, po zaledwie pi\u0119ciu latach dzia\u0142alno\u015bci; Koncert \u201eCzy mnie jeszcze pami\u0119tasz?\u201d z Filharmoni\u0105 Kalisk\u0105 i Ch\u00f3rem Ch\u0142opi\u0119co-M\u0119skim Bazyliki Kaliskiej pod dyrekcj\u0105 Marka \u0141akomego, obejmuj\u0105cy utwory Czes\u0142awa Niemena w aran\u017cacji pana Marka (14 stycznia 2005); Wykonanie kantaty \u201eWidma\u201d Stanis\u0142awa Moniuszki wraz z Filharmoni\u0105 Kalisk\u0105 w ko\u015bciele garnizonowym w Kaliszu (10 listopada 2005); Uroczyste otwarcie hali wodowiskowo-sportowej \u201eWiniary Arena\u201d razem z Filharmoni\u0105 Kalisk\u0105 i Ch\u00f3rem Ch\u0142opi\u0119co-M\u0119skim Bazyliki Kaliskiej (4 listopada 2006), udzia\u0142 w obchodach 750-lecia lokacji miasta Kalisza (15 wrze\u015bnia 2007), r\u00f3wnie\u017c wsp\u00f3\u0142pracuj\u0105c z Filharmoni\u0105 Kalisk\u0105 i Ch\u00f3rem Ch\u0142opi\u0119co-M\u0119skim Bazyliki Kaliskiej oraz Koncert Muzyki Zygmunta Koniecznego wraz z Orkiestr\u0105 Sinfonietta Cracovia oraz solistami, pod batut\u0105 Miko\u0142aja Blajdy w Teatrze im. Wojaciecha Bogus\u0142awskiego w Kaliszu (18 maja 2013), kt\u00f3ry powt\u00f3rzyli\u015bmy w CKiS-ie w Koninie (14 czerwca 2014), koncert kol\u0119d oraz Msza \u015bw. w intencji Rodzin i obrony \u017cycia pocz\u0119tego w ko\u015bciele \u015bw. J\u00f3zefa w Kaliszu, kt\u00f3rej przewodniczy\u0142 ks. abp Celestino Migliore &#8211; Nuncjusz Apostolski w Polsce, transmitowane przez Radio Rodzina, Radio Maryja i Telewizj\u0119 Trwam (2 stycznia 2014).<\/p>\n\n\n\n<p>Do innych osi\u0105gni\u0119\u0107 ch\u00f3ru mo\u017cemy r\u00f3wnie\u017c zaliczy\u0107 udzia\u0142 w wielu og\u00f3lnopolskich festiwalach. Jako jeden z dziesi\u0119ciu ch\u00f3r\u00f3w, zaproszonych spo\u015br\u00f3d 400 uczestnicz\u0105cych w programie \u201e\u015apiewaj\u0105ca Polska\u201d, brali\u015bmy udzia\u0142 w II Og\u00f3lnopolskim Festiwalu \u201eWratislawa Cantans\u201d w Filharmonii Narodowej w Warszawie (9-10 listopada 2008); R\u00f3wnie\u017c jako jeden z jedenastu ch\u00f3r\u00f3w z ca\u0142ej Polski zaprezentowali\u015bmy si\u0119 na I Mi\u0119dzynarodowym Festiwalu Ch\u00f3r\u00f3w M\u0142odzie\u017cowych \u201eAma La Musica\u201d w \u015arodzie Wielkopolskiej (13 czerwca 2009). Wielokrotnie zaliczali\u015bmy si\u0119 do grona wykonawc\u00f3w na Wielkopolskich Spotkaniach Ch\u00f3ralnych \u201eCarmen Sacrum Festival\u201d, kt\u00f3re co roku odbywaj\u0105 si\u0119 w Kaliszu. W VII edycji (17 czerwca 2000) wykonali\u015bmy utw\u00f3r \u201eCzego chcesz od nas Panie\u201d Romualda Twardowskiego w jego obecno\u015bci, natomiast w XVIII edycji (18 czerwca 2011) mieli\u015bmy zaszczyt za\u015bpiewa\u0107 jego nowy utw\u00f3r (prawykonanie) \u201eVirginum Custos\u201d nagrodzony podczas Og\u00f3lnopolskiego Konkursu Kompozytorskiego \u201eVOX BASILICAE CALISSIENSIS\u201d. Uczestniczyli\u015bmy tak\u017ce w prawykonaniu Mszy \u015awi\u0119tej \u201eO \u015awi\u0119tym J\u00f3zefie Kaliskim\u201d do muzyki Bernarda Stielera (2018 rok) oraz w prawykonaniu Oratorium \u201eO \u015awi\u0119tym J\u00f3zefie Kaliskim\u201d do muzyki Piotra Pa\u0142ki (2019 rok).<\/p>\n\n\n\n<figure class=\"wp-block-image size-large\"><img loading=\"lazy\" width=\"1024\" height=\"597\" src=\"https:\/\/kopernik.kalisz.pl\/kopernik-ssm\/chor\/wp-content\/uploads\/2021\/04\/DSC00811-1024x597.jpg\" alt=\"\" class=\"wp-image-8353\" srcset=\"https:\/\/kopernik.kalisz.pl\/kopernik-ssm\/chor\/wp-content\/uploads\/2021\/04\/DSC00811-1024x597.jpg 1024w, https:\/\/kopernik.kalisz.pl\/kopernik-ssm\/chor\/wp-content\/uploads\/2021\/04\/DSC00811-300x175.jpg 300w, https:\/\/kopernik.kalisz.pl\/kopernik-ssm\/chor\/wp-content\/uploads\/2021\/04\/DSC00811-768x448.jpg 768w, https:\/\/kopernik.kalisz.pl\/kopernik-ssm\/chor\/wp-content\/uploads\/2021\/04\/DSC00811-1536x895.jpg 1536w, https:\/\/kopernik.kalisz.pl\/kopernik-ssm\/chor\/wp-content\/uploads\/2021\/04\/DSC00811-2048x1193.jpg 2048w\" sizes=\"(max-width: 1024px) 100vw, 1024px\" \/><\/figure>\n\n\n\n<p>W konkursie na piosenk\u0119 o Kaliszu, specjalnie na t\u0119 okazj\u0119 skomponowanym utworem \u201eWspomnienia znad Prosny\u201d, uda\u0142o nam si\u0119 doj\u015b\u0107 do fina\u0142u (9 czerwca 2002). W p\u00f3\u017aniejszym czasie piosenka ta znalaz\u0142a si\u0119 na naszej oficjalnej p\u0142ycie CD wydanej w 2004 roku. W marcu 2013 roku do naszej dyskografii, do\u0142\u0105czy\u0142a nowa p\u0142yta, tym razem \u015bwi\u0105teczna \u201eKol\u0119dy, Pastora\u0142ki, Pie\u015bni \u015bwi\u0105teczne LIVE 2013\u201d. Pod koniec 2014 roku (3 i 4 grudnia) mieli\u015bmy zaszczyt by\u0107 cz\u0119\u015bci\u0105 grupy ponad 320 ch\u00f3rzyst\u00f3w z ca\u0142ej Polski, kt\u00f3rzy wyst\u0105pili podczas koncertu &#8222;A to Polska w\u0142a\u015bnie&#8221; &#8211; fina\u0142u Og\u00f3lnopolskiego Programu Rozwoju Ch\u00f3r\u00f3w Szkolnych &#8222;Akademia Ch\u00f3ralna &#8211; \u015apiewaj\u0105ca Polska&#8221; w Europejskim Centrum Muzyki Krzysztofa Pendereckiego w Lus\u0142awicach. Gwiazd\u0105 spotkania W dniach 25-27 pa\u017adziernika 2016 powt\u00f3rzyli\u015bmy wyczyn z Lus\u0142awic, uczestnicz\u0105c w kolejnym fina\u0142owym koncercie Og\u00f3lnopolskiego Programu Rozwoju Ch\u00f3r\u00f3w Szkolnych &#8222;Akademia Ch\u00f3ralna &#8211; \u015apiewaj\u0105ca Polska&#8221; pt. &#8222;Rytmy \u015awiata&#8221;, kt\u00f3ry odby\u0142 si\u0119 w siedzibie Narodowego Forum Muzyki we Wroc\u0142awiu. Brali\u015bmy r\u00f3wnie\u017c udzia\u0142 w przepi\u0119knym koncercie \u201eMoniuszko inaczej \u015bpiewany\u201d, by\u0142 to fina\u0142 Og\u00f3lnopolskiego Programu Rozwoju Ch\u00f3r\u00f3w Szkolnych &#8222;Akademia Ch\u00f3ralna &#8211; \u015apiewaj\u0105ca Polska&#8221;, kt\u00f3ry odby\u0142 si\u0119 22 czerwca 2019 roku w Operze Narodowej w Warszawie. W 2023 ju\u017c pod dyrekcj\u0105 nowej Pani Dyrygent Marii Szczap zdobyli\u015bmy Z\u0142ote Pasmo na konkursie ,,Akademia Ch\u00f3ralna &#8211; \u015apiewaj\u0105ca Polska&#8221;, wyst\u0119puj\u0105c w NFM we Wroc\u0142awiu.<\/p>\n\n\n\n<p>Nie mo\u017cemy te\u017c zapomnie\u0107 o w\u0142a\u015bciwie najwi\u0119kszym, a cz\u0119sto niedostrzeganym sukcesie ch\u00f3ru. Zara\u017ca on m\u0142odych ludzi mi\u0142o\u015bci\u0105 do muzyki ch\u00f3ralnej. Co roku opuszczaj\u0105 nas kolejni absolwenci, kt\u00f3rzy s\u0105 \u015bwietnie wprawieni w trudnej sztuce \u015bpiewania. Nierzadko wybieraj\u0105 oni dalsze kszta\u0142cenie, pod kontem zrobienia kariery muzycznej, jednak nawet je\u015bli wybieraj\u0105 inn\u0105 drog\u0119, nikt nigdy nie odbierze im nabytych umiej\u0119tno\u015bci, do\u015bwiadczenia i cudownych wspomnie\u0144. <\/p>\n\n\n\n<p>\u00a0<\/p>\n<h5><strong>LISTA OSI\u0104GNI\u0118\u0106 W POSZCZEG\u00d3LNYCH LATACH<\/strong><\/h5>\n<table border=\"1\" cellspacing=\"5\" cellpadding=\"5\">\n<tbody>\n<tr>\n<td align=\"center\" valign=\"middle\" bgcolor=\"#EEEEEE\" width=\"8%\">\n<p><strong>Rok<\/strong><\/p>\n<\/td>\n<td align=\"center\" valign=\"middle\" bgcolor=\"#EEEEEE\" width=\"*\">\n<p><strong>Osi\u0105gni\u0119cia<\/strong><\/p>\n<\/td>\n<\/tr>\n<tr>\n<td rowspan=\"2\u201d align=\" valign=\"middle\" bgcolor=\"#EEEEEE\"><center><em>2000<\/em><\/center><\/td>\n<td align=\"center\" valign=\"middle\" bgcolor=\"#ffffff\">XX Og\u00f3lnopolski Konkurs Ch\u00f3r\u00f3w a Cappella Dzieci i M\u0142odzie\u017cy &#8211; I miejsce w etapie rejonowym w Ostrowie Wielkopolskim<\/td>\n<\/tr>\n<tr>\n<td align=\"center\" valign=\"middle\" bgcolor=\"#ffffff\">XX Og\u00f3lnopolski Konkurs Ch\u00f3r\u00f3w a Cappella Dzieci i M\u0142odzie\u017cy &#8211; I miejsce w etapie wojew\u00f3dzkim w Poznaniu<\/td>\n<\/tr>\n<tr>\n<td rowspan=\"3\u201d align=\" valign=\"middle\" bgcolor=\"#EEEEEE\"><center><em>2001<\/em><center>\u00a0<\/center><\/center><\/td>\n<td align=\"center\" valign=\"middle\" bgcolor=\"#ffffff\">XXI Og\u00f3lnopolski Konkurs Ch\u00f3r\u00f3w a Cappella Dzieci i M\u0142odzie\u017cy &#8211; I miejsce w etapie rejonowym w Ostrowie Wielkopolskim<\/td>\n<\/tr>\n<tr>\n<td align=\"center\" valign=\"middle\" bgcolor=\"#ffffff\">XXI Og\u00f3lnopolski Konkurs Ch\u00f3r\u00f3w a Cappella Dzieci i M\u0142odzie\u017cy &#8211; I miejsce w etapie wojew\u00f3dzkim w Poznaniu<\/td>\n<\/tr>\n<tr>\n<td align=\"center\" valign=\"middle\" bgcolor=\"#ffffff\">XXI Og\u00f3lnopolski Konkurs Ch\u00f3r\u00f3w a Cappella Dzieci i M\u0142odzie\u017cy \u2013 wyr\u00f3\u017cnienie w finale konkursu w Bydgoszczy<\/td>\n<\/tr>\n<tr>\n<td rowspan=\"3\u201d align=\" valign=\"middle\" bgcolor=\"#EEEEEE\"><center><em>2002<\/em><center>\u00a0<\/center><\/center><\/td>\n<td align=\"center\" valign=\"middle\" bgcolor=\"#ffffff\">XXII Og\u00f3lnopolski Konkurs Ch\u00f3r\u00f3w a Cappella Dzieci i M\u0142odzie\u017cy &#8211; I miejsce w etapie rejonowym w Ostrowie Wielkopolskim<\/td>\n<\/tr>\n<tr>\n<td align=\"center\" valign=\"middle\" bgcolor=\"#ffffff\">XXII Og\u00f3lnopolski Konkurs Ch\u00f3r\u00f3w a Cappella Dzieci i M\u0142odzie\u017cy &#8211; II miejsce w etapie wojew\u00f3dzkim w Poznaniu<\/td>\n<\/tr>\n<tr>\n<td align=\"center\" valign=\"middle\" bgcolor=\"#ffffff\">Konkurs na piosenk\u0119 o Kaliszu &#8211; Fina\u0142<\/td>\n<\/tr>\n<tr>\n<td rowspan=\"1\u201d align=\" valign=\"middle\" bgcolor=\"#EEEEEE\"><center><em>2003<\/em><center>\u00a0<\/center><\/center><\/td>\n<td align=\"center\" valign=\"middle\" bgcolor=\"#ffffff\">XXIII Og\u00f3lnopolski Konkurs Ch\u00f3r\u00f3w a Cappella Dzieci i M\u0142odzie\u017cy &#8211; II miejsce w etapie wojew\u00f3dzkim w Ostrowie Wielkopolskim<\/td>\n<\/tr>\n<tr>\n<td rowspan=\"2\u201d align=\" valign=\"middle\" bgcolor=\"#EEEEEE\"><center><em>2004<\/em><center>\u00a0<\/center><\/center><\/td>\n<td align=\"center\" valign=\"middle\" bgcolor=\"#ffffff\">XXIV Og\u00f3lnopolski Konkurs Ch\u00f3r\u00f3w a Cappella Dzieci i M\u0142odzie\u017cy &#8211; I miejsce w etapie wojew\u00f3dzkim w Ostrowie Wielkopolskim; Puchar Wielkopolskiego Kuratora O\u015bwiaty w Poznaniu<\/td>\n<\/tr>\n<tr>\n<td align=\"center\" valign=\"middle\" bgcolor=\"#ffffff\">XXIV Og\u00f3lnopolski Konkurs Ch\u00f3r\u00f3w a Cappella Dzieci i M\u0142odzie\u017cy \u2013 wyr\u00f3\u017cnienie w finale konkursu w Bydgoszczy<\/td>\n<\/tr>\n<tr>\n<td rowspan=\"3\u201d align=\" valign=\"middle\" bgcolor=\"#EEEEEE\"><center><em>2005<\/em><center>\u00a0<\/center><\/center><\/td>\n<td align=\"center\" valign=\"middle\" bgcolor=\"#ffffff\">XXV Og\u00f3lnopolski Konkurs Ch\u00f3r\u00f3w a Cappella Dzieci i M\u0142odzie\u017cy &#8211; I miejsce w etapie wojew\u00f3dzkim w Ostrowie Wielkopolskim<\/td>\n<\/tr>\n<tr>\n<td align=\"center\" valign=\"middle\" bgcolor=\"#ffffff\">XXV Og\u00f3lnopolski Konkurs Ch\u00f3r\u00f3w a Cappella Dzieci i M\u0142odzie\u017cy \u2013 wyr\u00f3\u017cnienie w finale konkursu w Bydgoszczy<\/td>\n<\/tr>\n<tr>\n<td align=\"center\" valign=\"middle\" bgcolor=\"#ffffff\">Wykonanie kantaty \u201eWidma\u201d Stanis\u0142awa Moniuszki wraz z Filharmoni\u0105 Kalisk\u0105<\/td>\n<\/tr>\n<tr>\n<td rowspan=\"2\u201d align=\" valign=\"middle\" bgcolor=\"#EEEEEE\"><center><em>2006<\/em><center>\u00a0<\/center><\/center><\/td>\n<td align=\"center\" valign=\"middle\" bgcolor=\"#ffffff\">XXVI Og\u00f3lnopolski Konkurs Ch\u00f3r\u00f3w a Cappella Dzieci i M\u0142odzie\u017cy &#8211; II miejsce w etapie wojew\u00f3dzkim w Ostrowie Wielkopolskim (I miejsca nie przyznano)<\/td>\n<\/tr>\n<tr>\n<td align=\"center\" valign=\"middle\" bgcolor=\"#ffffff\">I Regionalny Przegl\u0105d Kol\u0119d z programu &#8222;\u015apiewaj\u0105ca Polska&#8221; &#8211; Z\u0142ote Pasmo<\/td>\n<\/tr>\n<tr>\n<td rowspan=\"3\u201d align=\" valign=\"middle\" bgcolor=\"#EEEEEE\"><center><em>2007<\/em><center>\u00a0<\/center><\/center><\/td>\n<td align=\"center\" valign=\"middle\" bgcolor=\"#ffffff\">XXVII Og\u00f3lnopolski Konkurs Ch\u00f3r\u00f3w a Cappella Dzieci i M\u0142odzie\u017cy &#8211; II miejsce w etapie wojew\u00f3dzkim w Ostrowie Wielkopolskim<\/td>\n<\/tr>\n<tr>\n<td align=\"center\" valign=\"middle\" bgcolor=\"#ffffff\">XXVII Og\u00f3lnopolski Konkurs Ch\u00f3r\u00f3w a Cappella Dzieci i M\u0142odzie\u017cy \u2013 wyr\u00f3\u017cnienie w finale konkursu w Bydgoszczy<\/td>\n<\/tr>\n<tr>\n<td align=\"center\" valign=\"middle\" bgcolor=\"#ffffff\">II Regionalny Przegl\u0105d Kol\u0119d z programu &#8222;\u015apiewaj\u0105ca Polska&#8221; &#8211; Z\u0142ote Pasmo<\/td>\n<\/tr>\n<tr>\n<td rowspan=\"5\u201d align=\" valign=\"middle\" bgcolor=\"#EEEEEE\"><center><em>2008<\/em><center>\u00a0<\/center><\/center><\/td>\n<td align=\"center\" valign=\"middle\" bgcolor=\"#ffffff\">XXVIII Og\u00f3lnopolski Konkurs Ch\u00f3r\u00f3w a Cappella Dzieci i M\u0142odzie\u017cy \u2013 I miejsce w etapie wojew\u00f3dzkim w Ostrowie Wielkopolskim<\/td>\n<\/tr>\n<tr>\n<td align=\"center\" valign=\"middle\" bgcolor=\"#ffffff\">XXVIII Og\u00f3lnopolski Konkurs Ch\u00f3r\u00f3w a Cappella Dzieci i M\u0142odzie\u017cy \u2013 Srebrny Kamerton w finale konkursu w Bydgoszczy<\/td>\n<\/tr>\n<tr>\n<td align=\"center\" valign=\"middle\" bgcolor=\"#ffffff\">II Regionalny Przegl\u0105d Ch\u00f3r\u00f3w Szkolnych \u201e\u015apiewaj\u0105ca Polska\u201d &#8211; Z\u0142oty Klucz z wyr\u00f3\u017cnieniem<\/td>\n<\/tr>\n<tr>\n<td align=\"center\" valign=\"middle\" bgcolor=\"#ffffff\">II Og\u00f3lnopolski Festiwal Ch\u00f3r\u00f3w Szkolnych \u201e\u015apiewaj\u0105ca Polska\u201d Wratislavia Cantans &#8211; wyst\u0119p w finale w Filharmonii Narodowej w Warszawie<\/td>\n<\/tr>\n<tr>\n<td align=\"center\" valign=\"middle\" bgcolor=\"#ffffff\">III Regionalny Przegl\u0105d Kol\u0119d z programu &#8222;\u015apiewaj\u0105ca Polska&#8221; &#8211; Z\u0142ote Pasmo z wyr\u00f3\u017cnieniem<\/td>\n<\/tr>\n<tr>\n<td rowspan=\"5\u201d align=\" valign=\"middle\" bgcolor=\"#EEEEEE\"><center><em>2009<\/em><center>\u00a0<\/center><\/center><\/td>\n<td align=\"center\" valign=\"middle\" bgcolor=\"#ffffff\">XXIX Og\u00f3lnopolski Konkurs Ch\u00f3r\u00f3w a Cappella Dzieci i M\u0142odzie\u017cy &#8211; I miejsce w etapie wojew\u00f3dzkim w Ostrowie Wielkopolskim<\/td>\n<\/tr>\n<tr>\n<td align=\"center\" valign=\"middle\" bgcolor=\"#ffffff\">III Regionalny Przegl\u0105d Ch\u00f3r\u00f3w Szkolnych \u201e\u015apiewaj\u0105ca Polska\u201d &#8211; Z\u0142oty Klucz<\/td>\n<\/tr>\n<tr>\n<td align=\"center\" valign=\"middle\" bgcolor=\"#ffffff\">Festiwal Pie\u015bni Religijnej w ho\u0142dzie Janowi Paw\u0142owi II w Kaliszu \u2013 I miejsce<\/td>\n<\/tr>\n<tr>\n<td align=\"center\" valign=\"middle\" bgcolor=\"#ffffff\">I Mi\u0119dzynarodowy Konkurs Ch\u00f3r\u00f3w M\u0142odzie\u017cowych Ama La Musica w \u015arodzie Wielkopolskiej \u2013 udzia\u0142 w finale<\/td>\n<\/tr>\n<tr>\n<td align=\"center\" valign=\"middle\" bgcolor=\"#ffffff\">V Regionalny Przegl\u0105d Kol\u0119d z programu &#8222;\u015apiewaj\u0105ca Polska&#8221; &#8211; Z\u0142ote Pasmo<\/td>\n<\/tr>\n<tr>\n<td rowspan=\"3\u201d align=\" valign=\"middle\" bgcolor=\"#EEEEEE\"><center><em>2010<\/em><center>\u00a0<\/center><\/center><\/td>\n<td align=\"center\" valign=\"middle\" bgcolor=\"#ffffff\">XXX Og\u00f3lnopolski Konkurs Ch\u00f3r\u00f3w a Cappella Dzieci i M\u0142odzie\u017cy &#8211; I miejsce w etapie wojew\u00f3dzkim w Ostrowie Wielkopolskim; Puchar Wielkopolskiego Kuratora O\u015bwiaty w Poznaniu<\/td>\n<\/tr>\n<tr>\n<td align=\"center\" valign=\"middle\" bgcolor=\"#ffffff\">XXX Og\u00f3lnopolski Konkurs Ch\u00f3r\u00f3w a Cappella Dzieci i M\u0142odzie\u017cy \u2013 wyr\u00f3\u017cnienie w finale konkursu w Bydgoszczy<\/td>\n<\/tr>\n<tr>\n<td align=\"center\" valign=\"middle\" bgcolor=\"#ffffff\">IV Regionalny Przegl\u0105d Kol\u0119d z programu &#8222;\u015apiewaj\u0105ca Polska&#8221; &#8211; Z\u0142ote Pasmo<\/td>\n<\/tr>\n<tr>\n<td rowspan=\"5\u201d align=\" valign=\"middle\" bgcolor=\"#EEEEEE\"><center><em>2011<\/em><center>\u00a0<\/center><\/center><\/td>\n<td align=\"center\" valign=\"middle\" bgcolor=\"#ffffff\">XXXI Og\u00f3lnopolski Konkurs Ch\u00f3r\u00f3w a Cappella Dzieci i M\u0142odzie\u017cy &#8211; I miejsce w etapie wojew\u00f3dzkim w Ostrowie Wielkopolskim; Puchar Wielkopolskiego Kuratora O\u015bwiaty w Poznaniu<\/td>\n<\/tr>\n<tr>\n<td align=\"center\" valign=\"middle\" bgcolor=\"#ffffff\">V Regionalny Przegl\u0105d Ch\u00f3r\u00f3w Szkolnych \u201e\u015apiewaj\u0105ca Polska\u201d &#8211; Z\u0142oty Klucz<\/td>\n<\/tr>\n<tr>\n<td align=\"center\" valign=\"middle\" bgcolor=\"#ffffff\">Prawykonanie utworu VIRGINUM CUSTOS kompozytora Romualda Twardowskiego, nagrodzonego podczas Og\u00f3lnopolskiego Konkursu Kompozytorskiego \u201eVOX BASILICAE CALISSIENSIS\u201d<\/td>\n<\/tr>\n<tr>\n<td align=\"center\" valign=\"middle\" bgcolor=\"#ffffff\">XXXI Og\u00f3lnopolski Konkurs Ch\u00f3r\u00f3w a Cappella Dzieci i M\u0142odzie\u017cy &#8211; Srebrny Kamerton oraz Puchar Gazety Pomorskiej w finale konkursu w Bydgoszczy<\/td>\n<\/tr>\n<tr>\n<td align=\"center\" valign=\"middle\" bgcolor=\"#ffffff\">VI Regionalny Przegl\u0105d Kol\u0119d z programu &#8222;\u015apiewaj\u0105ca Polska&#8221; &#8211; Z\u0142ote Pasmo z wyr\u00f3\u017cnieniem<\/td>\n<\/tr>\n<tr>\n<td rowspan=\"2\u201d align=\" valign=\"middle\" bgcolor=\"#EEEEEE\"><center><em>2012<\/em><center>\u00a0<\/center><\/center><\/td>\n<td align=\"center\" valign=\"middle\" bgcolor=\"#ffffff\">XXXII Og\u00f3lnopolski Konkurs Ch\u00f3r\u00f3w a Cappella Dzieci i M\u0142odzie\u017cy &#8211; I miejsce w etapie wojew\u00f3dzkim w Ostrowie Wielkopolskim; Puchar Polskiego Zwi\u0105zku Ch\u00f3r\u00f3w i Orkiestr<\/td>\n<\/tr>\n<tr>\n<td align=\"center\" valign=\"middle\" bgcolor=\"#ffffff\">XXXII Og\u00f3lnopolski Konkurs Ch\u00f3r\u00f3w a Cappella Dzieci i M\u0142odzie\u017cy &#8211; Z\u0142oty Kamerton, Puchar Ministra Edukacji Narodowej, puchar i nagroda pieni\u0119\u017cna Ministra Kultury i Dziedzictwa Narodowego, nagroda pieni\u0119\u017cna Stowarzyszenia Autor\u00f3w ZAiKS oraz nagroda pieni\u0119\u017cna dla najlepszego dyrygenta ufundowana przez Ministra Edukacji Narodowej w finale konkursu w Bydgoszczy<\/td>\n<\/tr>\n<tr>\n<td rowspan=\"2\u201d align=\" valign=\"middle\" bgcolor=\"#EEEEEE\"><center><em>2013<\/em><center>\u00a0<\/center><\/center><\/td>\n<td align=\"center\" valign=\"middle\" bgcolor=\"#ffffff\">Ze wzgl\u0119du na zdobycie Pucharu Ministra Edukacji Ch\u00f3r zagwarantowa\u0142 sobie roczny odpoczynek od przegl\u0105d\u00f3w wg. regulaminu konkursu.<\/td>\n<\/tr>\n<tr>\n<tr>\n<td rowspan=\"2\u201d align=\" valign=\"middle\" bgcolor=\"#EEEEEE\"><center><em>2014<\/em><center>\u00a0<\/center><\/center><\/td>\n<td align=\"center\" valign=\"middle\" bgcolor=\"#ffffff\">VIII Przegl\u0105d Ch\u00f3r\u00f3w &#8222;\u015apiewaj\u0105ca Polska&#8221; w I LO w Ostrowie Wielkopolskim \u2013 najwy\u017csza punktacja na konkursie<\/td>\n<\/tr>\n<tr>\n<td align=\"center\" valign=\"middle\" bgcolor=\"#ffffff\">Udzia\u0142 w koncercie \u201eA to Polska w\u0142a\u015bnie&#8221; &#8211; finale Og\u00f3lnopolskiego Programu Rozwoju Ch\u00f3r\u00f3w Szkolnych &#8222;Akademia Ch\u00f3ralna &#8211; \u015apiewaj\u0105ca Polska&#8221; w Europejskim Centrum Muzyki Krzysztofa Pendereckiego w Lus\u0142awicach, wraz z Zespo\u0142em Pie\u015bni i Ta\u0144ca \u015al\u0105sk im. Stanis\u0142awa Hadyny<\/td>\n<\/tr>\n<tr>\n<td rowspan=\"1\u201d align=\" valign=\"middle\" bgcolor=\"#EEEEEE\"><center><em>2015<\/em><center>\u00a0<\/center><\/center><\/td>\n<td align=\"center\" valign=\"middle\" bgcolor=\"#ffffff\">Konkurs Ch\u00f3r\u00f3w Projektu Akademia Ch\u00f3ralna &#8211; &#8222;\u015apiewaj\u0105ca Polska&#8221; w Publicznym Gimnazjum im. Papie\u017ca Jana Paw\u0142a II w Ostrowie Wielkopolskim \u2013 Z\u0142ote Pasmo<\/td>\n<\/tr>\n<tr>\n<td rowspan=\"2\u201d align=\" valign=\"middle\" bgcolor=\"#EEEEEE\"><center><em>2016<\/em><center>\u00a0<\/center><\/center><\/td>\n<td align=\"center\" valign=\"middle\" bgcolor=\"#ffffff\">Konkurs Ch\u00f3r\u00f3w Projektu Akademia Ch\u00f3ralna &#8211; &#8222;Akademia Ch\u00f3ralna &#8211; \u015apiewaj\u0105ca Polska&#8221; \u2013 Z\u0142ote Pasmo<\/td>\n<\/tr>\n<tr>\n<td align=\"center\" valign=\"middle\" bgcolor=\"#ffffff\">Udzia\u0142 w koncercie \u201eRytmy \u015awiata&#8221; &#8211; finale Og\u00f3lnopolskiego Programu Rozwoju Ch\u00f3r\u00f3w Szkolnych &#8222;Akademia Ch\u00f3ralna &#8211; \u015apiewaj\u0105ca Polska&#8221; w w Narodowym Forum Muzyki we Wroc\u0142awiu<\/td>\n<\/tr>\n<tr>\n<td rowspan=\"2\u201d align=\" valign=\"middle\" bgcolor=\"#EEEEEE\"><center><em>2017<\/em><center>\u00a0<\/center><\/center><\/td>\n<td align=\"center\" valign=\"middle\" bgcolor=\"#ffffff\">Konkurs Ch\u00f3r\u00f3w Szkolnych Regionu Wielkopolski Po\u0142udniowej Projektu \u201eAkademia Ch\u00f3ralna \u2013 \u015apiewaj\u0105ca Polska\u201d w Ostrowie Wielkopolskim &#8211; Z\u0141OTE PASMO<\/td>\n<\/tr>\n<tr>\n<td align=\"center\" valign=\"middle\" bgcolor=\"#ffffff\">Og\u00f3lnopolski Konkurs Ch\u00f3r\u00f3w Szk\u00f3\u0142 \u015arednich 2017 w ramach Mi\u0119dzynarodowego Programu \u201eUniversitas Cantat\u201d Kalisz 2017 &#8211; Zdobyte trzy nagrody: SREBRNE PASMO, PUCHAR DZIEKANA WPA UAM oraz Nagroda za najlepiej wykonany utw\u00f3r wsp\u00f3\u0142czesny<\/td>\n<\/tr>\n<tr>\n<td rowspan=\"2\u201d align=\" valign=\"middle\" bgcolor=\"#EEEEEE\"><center><em>2018<\/em><center>\u00a0<\/center><\/center><\/td>\n<td align=\"center\" valign=\"middle\" bgcolor=\"#ffffff\">Og\u00f3lnopolski Konkurs Ch\u00f3r\u00f3w Szk\u00f3\u0142 Ponadgimnazjalnych &#8211; Kalisz 2018 pod patronatem Mi\u0119dzynarodowego Festiwalu Universitas Cantat Wydzia\u0142u Pedagogiczno- Artystycznego UAM w Kaliszu (Srebrne Pasmo i Nagroda Specjalna dla Najlepszego Ch\u00f3ru z Wielkopolski za kontynuowanie tradycji \u015bpiewaczych Regionu)\n<\/td>\n<\/tr>\n<tr>\n<td align=\"center\" valign=\"middle\" bgcolor=\"#ffffff\">\n<p>Konkurs Ch\u00f3r\u00f3w Szkolnych Regionu Wielkopolski Po\u0142udniowej Projektu \u201cAkademia Ch\u00f3ralna &#8211; \u015apiewaj\u0105ca Polska\u201d w Ostrowie Wielkopolskim &#8211; Z\u0141OTE PASMO i najwy\u017csza punktacja<\/p>\n<\/td>\n<\/tr>\n<td rowspan=\"2\u201d align=\" valign=\"middle\" bgcolor=\"#EEEEEE\"><center><em>2019<\/em><center>\u00a0<\/center><\/center><\/td>\n<td align=\"center\" valign=\"middle\" bgcolor=\"#ffffff\">Konkurs Ch\u00f3r\u00f3w Szkolnych Regionu Wielkopolski Po\u0142udniowej Projektu \u201cAkademia Ch\u00f3ralna &#8211; \u015apiewaj\u0105ca Polska\u201d w Ostrowie Wielkopolskim &#8211; Z\u0141OTE PASMO i najwy\u017csza punktacja w kategorii ch\u00f3r mieszanych<\/td>\n<\/tr>\n<tr>\n<\/tr>\n<td rowspan=\"2\u201d align=\" valign=\"middle\" bgcolor=\"#EEEEEE\"><center><em>2023<\/em><center>\u00a0<\/center><\/center><\/td>\n<td align=\"center\" valign=\"middle\" bgcolor=\"#ffffff\">Konkurs Ch\u00f3r\u00f3w Szkolnych Regionu Dolno\u015bl\u0105skiego Projektu \u201cAkademia Ch\u00f3ralna &#8211; \u015apiewaj\u0105ca Polska\u201d w Narodowym Forum Muzyki we Wroc\u0142awiu &#8211; Z\u0142ote Pasmo<\/td>\n<\/tr>\n<tr>\n<\/tr>\n<\/tbody>\n<\/table>\n\n\n\n<p><\/p>\n","protected":false},"excerpt":{"rendered":"<p>Na przestrzeni wielu lat Ch\u00f3r \u201eKopernik\u201d bra\u0142 udzia\u0142 w niezliczonej ilo\u015bci konkurs\u00f3w, w kt\u00f3rych ju\u017c&#8230;<\/p>\n","protected":false},"author":7,"featured_media":0,"parent":0,"menu_order":0,"comment_status":"closed","ping_status":"closed","template":"","meta":[],"_links":{"self":[{"href":"https:\/\/kopernik.kalisz.pl\/kopernik-ssm\/chor\/wp-json\/wp\/v2\/pages\/2831"}],"collection":[{"href":"https:\/\/kopernik.kalisz.pl\/kopernik-ssm\/chor\/wp-json\/wp\/v2\/pages"}],"about":[{"href":"https:\/\/kopernik.kalisz.pl\/kopernik-ssm\/chor\/wp-json\/wp\/v2\/types\/page"}],"author":[{"embeddable":true,"href":"https:\/\/kopernik.kalisz.pl\/kopernik-ssm\/chor\/wp-json\/wp\/v2\/users\/7"}],"replies":[{"embeddable":true,"href":"https:\/\/kopernik.kalisz.pl\/kopernik-ssm\/chor\/wp-json\/wp\/v2\/comments?post=2831"}],"version-history":[{"count":16,"href":"https:\/\/kopernik.kalisz.pl\/kopernik-ssm\/chor\/wp-json\/wp\/v2\/pages\/2831\/revisions"}],"predecessor-version":[{"id":9428,"href":"https:\/\/kopernik.kalisz.pl\/kopernik-ssm\/chor\/wp-json\/wp\/v2\/pages\/2831\/revisions\/9428"}],"wp:attachment":[{"href":"https:\/\/kopernik.kalisz.pl\/kopernik-ssm\/chor\/wp-json\/wp\/v2\/media?parent=2831"}],"curies":[{"name":"wp","href":"https:\/\/api.w.org\/{rel}","templated":true}]}}