{"id":7010,"date":"2020-04-12T20:23:47","date_gmt":"2020-04-12T18:23:47","guid":{"rendered":"https:\/\/kopernik.kalisz.pl\/kopernik-ssm\/chor\/?page_id=7010"},"modified":"2020-04-12T20:45:26","modified_gmt":"2020-04-12T18:45:26","slug":"sklad-choru-kopernik-2014-2015","status":"publish","type":"page","link":"https:\/\/kopernik.kalisz.pl\/kopernik-ssm\/chor\/sklad\/sklad-choru-kopernik-2014-2015\/","title":{"rendered":"Sk\u0142ad Ch\u00f3ru \u201eKopernik\u201d 2014\/2015"},"content":{"rendered":"<h5 style=\"text-align: center;\"><strong>SK\u0141AD CH\u00d3RU \u201eKOPERNIK\u201d 2014\/2015<\/strong><\/h5>\n<p><center><\/p>\n<p style=\"text-align: center;\"><i>Prezes:<\/i> Kinga Gebel (III F)<br \/>\n<i>Wiceprezes:<\/i> Micha\u0142 Chojnacki (II D\u00b9)<br \/>\n<i>Gospodyni:<\/i> Paulina Malinowska (III G\u00b2)<br \/>\n<i>Kronikarz: <\/i>Oliwia Nowicka<br \/>\nAlicja Olejnik (II D\u00b9) &amp; Emilia Durman (II D\u00b2)<br \/>\n&nbsp;<\/p>\n<p><strong>KLASY PIERWSZE<\/strong><\/p>\n<p style=\"text-align: left; margin-left: 240px;\">001. Konopi\u0144ski Jakub (I A)<br \/>\n002. Pera Miko\u0142aj (I A)<br \/>\n003. \u015amieja Maciej (I A)<br \/>\n004. \u015amieja Marcin (I A)<br \/>\n005. Wajgelt Paula (I A)<br \/>\n006. Witczak Dominik (I A)<br \/>\n007. Fornalczyk Maciej (I B\u00b9)<br \/>\n008. G\u0105sior Karolina (I B\u00b9)<br \/>\n009. Kaczmarek Jakub (I B\u00b9)<br \/>\n010. Krzysiak Dominik (I B\u00b9)<br \/>\n011. Lorent Robert (I B\u00b9)<br \/>\n012. R\u00f3\u017ca\u0144ska Anna (I B\u00b9)<br \/>\n013. Stawicki Patryk (I B\u00b9)<br \/>\n014. Chojnacka Justyna (I B\u00b2)<br \/>\n015. Kwiatkowska Magdalena (I B\u00b2)<br \/>\n016. Walkowiak Aleksandra (I B\u00b2)<br \/>\n017. Wojnarowicz Paulina (I B\u00b2)<br \/>\n018. Wuttke Krzysztof (I B\u00b2)<br \/>\n019. Starczynowska Kaja (I C)<br \/>\n020. Szczepaniak Patrycja (I C)<br \/>\n021. Szyd\u0142owska Martyna (I C)<br \/>\n022. Biernat Sylwia (I D\u00b9)<br \/>\n023. Bukowska Magdalena (I D\u00b9)<br \/>\n024. Jankowski Marcin (I D\u00b9)<br \/>\n025. Sty\u015b Adrianna (I D\u00b9)<br \/>\n026. Sztandera Angelika (I D\u00b9)<br \/>\n027. Sztandera Natalia (I D\u00b9)<br \/>\n028. \u015awierek Angelika (I D\u00b9)<br \/>\n029. Wawrzyniak Adam (I D\u00b9)<br \/>\n030. W\u0142odarz Kinga (I D\u00b9)<br \/>\n031. Wojtaszek Dawid (I D\u00b9)<br \/>\n032. Knop Kinga (I D\u00b2)<br \/>\n033. Kos Ma\u0142gorzata (I D\u00b2)<br \/>\n034. Lewandowska Justyna (I D\u00b2)<br \/>\n035. Mazurowska Ewelina (I D\u00b2)<br \/>\n036. Nijak Natalia (I D\u00b2)<br \/>\n037. Pisula Olga (I D\u00b2)<br \/>\n038. R\u00f3\u017cewicz Nikola (I D\u00b2)<br \/>\n039. Boch Katarzyna (I F)<br \/>\n040. Burzy\u0144ska Magdalena (I F)<br \/>\n042. Domaga\u0142a Zuzanna (I F)<br \/>\n043. Konieczko Sandra (I F)<br \/>\n044. P\u0142odzie\u0144 Justyna (I F)<br \/>\n045. Szulc Aleksandra (I F)<br \/>\n046. Czelusta Monika (I G)<br \/>\n047. Ka\u017amierczak Micha\u0142 (I G)<br \/>\n048. Kleczewska Gabriela (I G)<\/p>\n<p style=\"text-align: left; margin-left: 240px;\">\n<p><strong>KLASY DRUGIE<\/strong><\/p>\n<p style=\"text-align: left; margin-left: 240px;\">049. Ko\u015bcielak Jakub (II A)<br \/>\n050. Martuzalski Wiktor (II A)<br \/>\n051. Szyma\u0144ska Katarzyna (II A)<br \/>\n052. Grzelczyk Karolina (II B\u00b9)<br \/>\n053. Kowalczyk Maria (II B\u00b9)<br \/>\n054. Strza\u0142ka Sara (II B\u00b9)<br \/>\n055. Chuchla Weronika (II B\u00b2)<br \/>\n056. Jab\u0142o\u0144ska Gabryjela (II B\u00b2)<br \/>\n057. Krulak Kacper (II B\u00b2)<br \/>\n058. M\u0105kowska Anna (II B\u00b2)<br \/>\n059. Stasiak Daria (II B\u00b2)<br \/>\n060. Wojtaszek Iwona (II B\u00b2)<br \/>\n061. Chojnacki Micha\u0142 (II D\u00b9)<br \/>\n062. Jamnicki Jakub (II D\u00b9)<br \/>\n063. Kupaj Joanna (II D\u00b9)<br \/>\n064. Olejnik Alicja (II D\u00b9)<br \/>\n065. Wojty\u0142a Krzysztof (II D\u00b9)<br \/>\n066. Bandosz Kinga (II D\u00b2)<br \/>\n067. Chojnacka Patrycja (II D\u00b2)<br \/>\n068. Durman Emilia (II D\u00b2)<br \/>\n069. K\u0119pa Justyna (II D\u00b2)<br \/>\n070. \u0141uczak Klaudia (II D\u00b2)<br \/>\n071. Mielcarek Karolina (II D\u00b2)<br \/>\n072. Tch\u00f3rz Agata (II D\u00b2)<br \/>\n073. Tomczyk Aleksandra (II D\u00b2)<br \/>\n074. Budka Micha\u0142 (II F)<br \/>\n075. Lazarek Kinga (II F) <!--<br--><\/p>\n<p><strong>KLASY TRZECIE<\/strong><\/p>\n<p style=\"text-align: left; margin-left: 240px;\">076. Bia\u0142o\u017cyt Micha\u0142 (III B\u00b9)<br \/>\n077. Filipowicz Anna (III B\u00b9)<br \/>\n078. Fornalska Maria (III B\u00b9)<br \/>\n079. Klimaszewska Beata (III B\u00b9)<br \/>\n080. Sobecki Adam (III B\u00b9)<br \/>\n081. Stasiak Micha\u0142 (III B\u00b9)<br \/>\n082. Stroiw\u0105s Klaudia (III B\u00b9)<br \/>\n083. Urba\u0144ska Maria (III B\u00b9)<br \/>\n084. Bartoszek Joanna (III B\u00b2)<br \/>\n085. Benedyczak Adam (III B\u00b2)<br \/>\n086. Cero\u0144 Daniel (III B\u00b2)<br \/>\n087. Grygielski Adam (III B\u00b2)<br \/>\n088. Nijak Norbert (III B\u00b2)<br \/>\n089. Perz Bartosz (III B\u00b2)<br \/>\n090. Przygodzka Michalina (III B\u00b2)<br \/>\n091. Zieli\u0144ski Kacper (III B\u00b2)<br \/>\n092. Buchnajzer Nina (III C)<br \/>\n093. Malinowska Paulina (III C)<br \/>\n094. Rykowska Ewa (III C)<br \/>\n095. Szyd\u0142owska Barbara (IIII C)<br \/>\n096. Michalak Katarzyna (II D)<br \/>\n097. Nykiel Hanna (III D)<br \/>\n098. Sobczak Marta (III D)<br \/>\n099. Tondowska Dorota (III D)<br \/>\n100. Gebel Kinga (III F)<br \/>\n101. Porzucek Andrzej (III G\u00b9)<br \/>\n102. Strzelec Jakub (III G\u00b9)<br \/>\n103. Tyc Kinga (III G\u00b2)<br \/>\n104. Wielgocka Natalia (III G\u00b2)<\/p>\n<p><\/center><\/p>\n<p>&nbsp;<\/p>\n<p style=\"text-align: center;\"><a href=\"http:\/\/kopernik.kalisz.pl\/index.php\/strona-glowna-chor\/17-chor\/2663-kronika2014-chor\"><strong>POWR\u00d3T<\/strong><\/a><\/p>\n<p><!--<br--><\/p>\n<p>&nbsp;<\/p>\n","protected":false},"excerpt":{"rendered":"<p>SK\u0141AD CH\u00d3RU \u201eKOPERNIK\u201d 2014\/2015 Prezes: Kinga Gebel (III F) Wiceprezes: Micha\u0142 Chojnacki (II D\u00b9) Gospodyni:&#8230;<\/p>\n","protected":false},"author":7,"featured_media":0,"parent":2960,"menu_order":0,"comment_status":"closed","ping_status":"closed","template":"","meta":[],"_links":{"self":[{"href":"https:\/\/kopernik.kalisz.pl\/kopernik-ssm\/chor\/wp-json\/wp\/v2\/pages\/7010"}],"collection":[{"href":"https:\/\/kopernik.kalisz.pl\/kopernik-ssm\/chor\/wp-json\/wp\/v2\/pages"}],"about":[{"href":"https:\/\/kopernik.kalisz.pl\/kopernik-ssm\/chor\/wp-json\/wp\/v2\/types\/page"}],"author":[{"embeddable":true,"href":"https:\/\/kopernik.kalisz.pl\/kopernik-ssm\/chor\/wp-json\/wp\/v2\/users\/7"}],"replies":[{"embeddable":true,"href":"https:\/\/kopernik.kalisz.pl\/kopernik-ssm\/chor\/wp-json\/wp\/v2\/comments?post=7010"}],"version-history":[{"count":2,"href":"https:\/\/kopernik.kalisz.pl\/kopernik-ssm\/chor\/wp-json\/wp\/v2\/pages\/7010\/revisions"}],"predecessor-version":[{"id":7050,"href":"https:\/\/kopernik.kalisz.pl\/kopernik-ssm\/chor\/wp-json\/wp\/v2\/pages\/7010\/revisions\/7050"}],"up":[{"embeddable":true,"href":"https:\/\/kopernik.kalisz.pl\/kopernik-ssm\/chor\/wp-json\/wp\/v2\/pages\/2960"}],"wp:attachment":[{"href":"https:\/\/kopernik.kalisz.pl\/kopernik-ssm\/chor\/wp-json\/wp\/v2\/media?parent=7010"}],"curies":[{"name":"wp","href":"https:\/\/api.w.org\/{rel}","templated":true}]}}